{"id":3071,"date":"2011-09-15T19:08:18","date_gmt":"2011-09-15T18:08:18","guid":{"rendered":"https:\/\/www.familie-hotels.at\/e\/?page_id=3071"},"modified":"2019-06-27T08:34:52","modified_gmt":"2019-06-27T07:34:52","slug":"kontakt","status":"publish","type":"page","link":"https:\/\/www.familie-hotels.at\/e\/kontakt\/","title":{"rendered":"Kontakt"},"content":{"rendered":"<p><strong>Kontakt mit den Hotels f\u00fcr Anfragen &amp; Reservierungen:<\/strong><br \/>\nMit Klick auf die einzelnen Eintr\u00e4ge (im Men\u00fc links) gelangen Sie direkt auf die Websites der Hotels, wo Sie s\u00e4mtliche Kontaktdaten wie Telefon &amp; Email, sowie Formulare f\u00fcr Urlaubsanfragen finden.<\/p>\n<p><strong>Kontakt mit Familie-Hotels.at:<\/strong><br \/>\n(Inhaber Portal \u2013 keine Zimmerausk\u00fcnfte)<br \/>\n<strong>e-consulting.at<\/strong><br \/>\nMag. Alexander M. Jungwirth<br \/>\nunternehmensberatung | mag. jungwirth<br \/>\nWieszaun 32 | 4901 Ottnang am Hausruck<\/p>\n<p>tel.\/fax: +43 (0) 7667 \/ 80 003<br \/>\n<a href=\"javascript:DeCryptX('0i2p0f1p1A2g2\/1d1p1o3v2w2n0t3l1o2i201b1u')\">&#105;nfo&#64;&#101;-&#99;o&#110;&#115;ultin&#103;.&#97;&#116;<\/a><br \/>\nwww.e-consulting.at<\/p>\n","protected":false},"excerpt":{"rendered":"<p>Kontakt mit den Hotels f\u00fcr Anfragen &amp; Reservierungen: Mit Klick auf die einzelnen Eintr\u00e4ge (im Men\u00fc links) gelangen Sie direkt auf die Websites der Hotels, wo Sie s\u00e4mtliche Kontaktdaten wie Telefon &amp; Email, sowie Formulare f\u00fcr Urlaubsanfragen finden. Kontakt mit Familie-Hotels.at: (Inhaber Portal \u2013 keine Zimmerausk\u00fcnfte) e-consulting.at Mag. Alexander M. Jungwirth unternehmensberatung | mag. jungwirth [&hellip;]<\/p>\n","protected":false},"author":1,"featured_media":0,"parent":0,"menu_order":0,"comment_status":"closed","ping_status":"open","template":"","meta":[],"_links":{"self":[{"href":"https:\/\/www.familie-hotels.at\/e\/wp-json\/wp\/v2\/pages\/3071"}],"collection":[{"href":"https:\/\/www.familie-hotels.at\/e\/wp-json\/wp\/v2\/pages"}],"about":[{"href":"https:\/\/www.familie-hotels.at\/e\/wp-json\/wp\/v2\/types\/page"}],"author":[{"embeddable":true,"href":"https:\/\/www.familie-hotels.at\/e\/wp-json\/wp\/v2\/users\/1"}],"replies":[{"embeddable":true,"href":"https:\/\/www.familie-hotels.at\/e\/wp-json\/wp\/v2\/comments?post=3071"}],"version-history":[{"count":5,"href":"https:\/\/www.familie-hotels.at\/e\/wp-json\/wp\/v2\/pages\/3071\/revisions"}],"predecessor-version":[{"id":3741,"href":"https:\/\/www.familie-hotels.at\/e\/wp-json\/wp\/v2\/pages\/3071\/revisions\/3741"}],"wp:attachment":[{"href":"https:\/\/www.familie-hotels.at\/e\/wp-json\/wp\/v2\/media?parent=3071"}],"curies":[{"name":"wp","href":"https:\/\/api.w.org\/{rel}","templated":true}]}}